{"id":7,"date":"2017-11-17T18:15:06","date_gmt":"2017-11-17T17:15:06","guid":{"rendered":"http:\/\/therollingwines.com\/?page_id=7"},"modified":"2021-07-20T09:44:06","modified_gmt":"2021-07-20T07:44:06","slug":"accueil","status":"publish","type":"page","link":"https:\/\/therollingwines.com\/","title":{"rendered":"Un Wine-Truck \u00e0 Avignon et sa r\u00e9gion"},"content":{"rendered":"<p>[et_pb_section fb_built=&#8221;1&#8243; _builder_version=&#8221;4.7.7&#8243; background_color=&#8221;#ece9d8&#8243; custom_padding=&#8221;15px||0px|||&#8221;][et_pb_row _builder_version=&#8221;3.25&#8243; background_size=&#8221;initial&#8221; background_position=&#8221;top_left&#8221; background_repeat=&#8221;repeat&#8221; custom_padding=&#8221;||0px|||&#8221;][et_pb_column type=&#8221;4_4&#8243; _builder_version=&#8221;3.25&#8243; custom_padding=&#8221;|||&#8221; custom_padding__hover=&#8221;|||&#8221;][et_pb_image src=&#8221;https:\/\/therollingwines.com\/wp-content\/uploads\/2021\/01\/Le-Truck-pour-Mails-Big.png&#8221; title_text=&#8221;Le-Truck-pour-Mails-Big&#8221; align=&#8221;center&#8221; _builder_version=&#8221;4.7.7&#8243; _module_preset=&#8221;default&#8221; width=&#8221;21%&#8221; module_alignment=&#8221;center&#8221; custom_margin=&#8221;||9px|||&#8221; custom_padding=&#8221;2px|||||&#8221;][\/et_pb_image][et_pb_text _builder_version=&#8221;4.7.7&#8243; text_font=&#8221;|700||on|||||&#8221; text_text_color=&#8221;#8f004d&#8221; text_letter_spacing=&#8221;2px&#8221; background_size=&#8221;initial&#8221; background_position=&#8221;top_left&#8221; background_repeat=&#8221;repeat&#8221; custom_margin=&#8221;-2px||34px|||&#8221;]<\/p>\n<p style=\"text-align: center;\">Un Wine-Truck \u00e0 Avignon et sa r\u00e9gion<\/p>\n<p>[\/et_pb_text][et_pb_text _builder_version=&#8221;4.7.7&#8243; background_size=&#8221;initial&#8221; background_position=&#8221;top_left&#8221; background_repeat=&#8221;repeat&#8221; custom_margin=&#8221;||-3px|||&#8221;]<\/p>\n<h1 style=\"text-align: center;\"><strong>The Rolling Wines<\/strong>\u00ae<strong><br \/> D\u00e9gustez le vin autrement !<\/strong><\/h1>\n<p>[\/et_pb_text][et_pb_divider divider_position=&#8221;center&#8221; divider_weight=&#8221;3px&#8221; _builder_version=&#8221;4.7.7&#8243; _module_preset=&#8221;default&#8221; width=&#8221;100%&#8221; module_alignment=&#8221;center&#8221; custom_margin=&#8221;0px|0px|-13px|0px|false|false&#8221; custom_padding=&#8221;0px|0px|8px|0px|false|false&#8221; border_radii=&#8221;on|8px|8px|8px|8px&#8221; global_module=&#8221;637&#8243; saved_tabs=&#8221;all&#8221;][\/et_pb_divider][et_pb_text _builder_version=&#8221;4.7.7&#8243; text_font_size=&#8221;19px&#8221; text_line_height=&#8221;1.8em&#8221; background_size=&#8221;initial&#8221; background_position=&#8221;top_left&#8221; background_repeat=&#8221;repeat&#8221; custom_margin=&#8221;||39px|||&#8221; custom_padding=&#8221;25px|||||&#8221;]<\/p>\n<p style=\"text-align: center;\"><strong>The Rolling Wines, c\u2019est une fa\u00e7on d\u2019aborder le vin<\/strong> de mani\u00e8re diff\u00e9rente.<br \/> Avec son wine-truck, Christophe Reboul va au-devant des gens pour proposer un choix de vins au verre qu\u2019il s\u00e9lectionne lui-m\u00eame, directement aupr\u00e8s des vignerons et des caves.<\/p>\n<p>[\/et_pb_text][et_pb_video src=&#8221;https:\/\/youtu.be\/zbP6cmkjHME&#8221; image_src=&#8221;https:\/\/therollingwines.com\/wp-content\/uploads\/2020\/11\/Photo-facebook-scaled.jpg&#8221; play_icon_color=&#8221;#ffffff&#8221; use_icon_font_size=&#8221;on&#8221; icon_font_size=&#8221;120px&#8221; thumbnail_overlay_color=&#8221;rgba(0,0,0,0)&#8221; _builder_version=&#8221;4.7.7&#8243; _module_preset=&#8221;default&#8221; border_radii=&#8221;on|20px|20px|20px|20px&#8221; play_icon_color__hover_enabled=&#8221;on|hover&#8221; play_icon_color__hover=&#8221;#8f004d&#8221;][\/et_pb_video][et_pb_text _builder_version=&#8221;4.7.7&#8243; background_size=&#8221;initial&#8221; background_position=&#8221;top_left&#8221; background_repeat=&#8221;repeat&#8221; custom_margin=&#8221;||-3px|||&#8221;]<\/p>\n<p style=\"text-align: center;\"><strong>La carte \u00e9volue en fonction des occasions<\/strong> et des saisons. L\u2019am\u00e9nagement du truck, avec r\u00e9frig\u00e9rateurs, cave \u00e0 vins et lave-verre, permet des conditions de d\u00e9gustation optimales. La d\u00e9tention d\u2019une Licence III lui permet d\u2019exercer son activit\u00e9 en conformit\u00e9 avec la r\u00e9glementation sur les vins et boissons alcoolis\u00e9es.<\/p>\n<p style=\"text-align: center;\"><strong>Rendez-vous des Food-trucks,<\/strong> festivals de musique, partenariat avec des restaurants, ap\u00e9ritifs \u0153nologiques ludiques lors de s\u00e9minaires d\u2019entreprises ou d\u2019\u00e9v\u00e9nements familiaux\u2026 The Rolling Wines am\u00e8ne le vin l\u00e0 o\u00f9 vous \u00eates.<\/p>\n<p style=\"text-align: center;\"><strong>\u0152nologue dipl\u00f4m\u00e9,<\/strong> Christophe Reboul propose \u00e9galement des initiations et des perfectionnements \u00e0 la connaissance des vins dans une approche traditionnelle ou ludique mais aussi des soir\u00e9es \u00e0 th\u00e8mes.<\/p>\n<p>[\/et_pb_text][et_pb_gallery gallery_ids=&#8221;242,220,225,238&#8243; show_title_and_caption=&#8221;off&#8221; show_pagination=&#8221;off&#8221; hover_icon=&#8221;%%47%%&#8221; _builder_version=&#8221;4.7.7&#8243; _module_preset=&#8221;default&#8221; custom_margin=&#8221;-1px|||||&#8221; custom_padding=&#8221;36px||0px|||&#8221; border_radii=&#8221;on|20px|20px|20px|20px&#8221; border_radii_image=&#8221;on|20px|20px|20px|20px&#8221;][\/et_pb_gallery][et_pb_divider divider_position=&#8221;center&#8221; divider_weight=&#8221;3px&#8221; _builder_version=&#8221;4.7.7&#8243; _module_preset=&#8221;default&#8221; width=&#8221;100%&#8221; module_alignment=&#8221;center&#8221; custom_margin=&#8221;0px|0px|-13px|0px|false|false&#8221; custom_padding=&#8221;0px|0px|8px|0px|false|false&#8221; border_radii=&#8221;on|8px|8px|8px|8px&#8221; global_module=&#8221;637&#8243; saved_tabs=&#8221;all&#8221;][\/et_pb_divider][et_pb_text _builder_version=&#8221;4.7.7&#8243; text_font=&#8221;|700||on|||||&#8221; text_text_color=&#8221;#8f004d&#8221; text_letter_spacing=&#8221;2px&#8221; background_size=&#8221;initial&#8221; background_position=&#8221;top_left&#8221; background_repeat=&#8221;repeat&#8221; custom_margin=&#8221;-2px||34px|||&#8221; custom_padding=&#8221;39px|||||&#8221;]<\/p>\n<p style=\"text-align: center;\">ACTUALIT\u00e9s<\/p>\n<p>[\/et_pb_text][et_pb_blog posts_number=&#8221;1&#8243; include_categories=&#8221;14&#8243; meta_date=&#8221;j M Y&#8221; show_thumbnail=&#8221;off&#8221; show_more=&#8221;on&#8221; show_author=&#8221;off&#8221; show_pagination=&#8221;off&#8221; _builder_version=&#8221;4.7.7&#8243; _module_preset=&#8221;default&#8221; custom_margin=&#8221;31px||-22px|||&#8221;][\/et_pb_blog][et_pb_divider divider_position=&#8221;center&#8221; divider_weight=&#8221;3px&#8221; _builder_version=&#8221;4.7.7&#8243; _module_preset=&#8221;default&#8221; width=&#8221;100%&#8221; module_alignment=&#8221;center&#8221; custom_margin=&#8221;0px|0px|-13px|0px|false|false&#8221; custom_padding=&#8221;0px|0px|8px|0px|false|false&#8221; border_radii=&#8221;on|8px|8px|8px|8px&#8221; global_module=&#8221;637&#8243; saved_tabs=&#8221;all&#8221;][\/et_pb_divider][et_pb_text _builder_version=&#8221;4.7.7&#8243; text_font=&#8221;|700||on|||||&#8221; text_text_color=&#8221;#8f004d&#8221; text_letter_spacing=&#8221;2px&#8221; background_size=&#8221;initial&#8221; background_position=&#8221;top_left&#8221; background_repeat=&#8221;repeat&#8221; custom_margin=&#8221;-2px||34px|||&#8221; custom_padding=&#8221;39px|||||&#8221; hover_enabled=&#8221;0&#8243; sticky_enabled=&#8221;0&#8243;]<\/p>\n<p style=\"text-align: center;\">suivez-nous sur <a href=\"https:\/\/www.facebook.com\/TheRollingWines\">facebook<\/a><\/p>\n<p>[\/et_pb_text][et_pb_code _builder_version=&#8221;4.7.7&#8243; _module_preset=&#8221;default&#8221; hover_enabled=&#8221;0&#8243; sticky_enabled=&#8221;0&#8243;]<div class=\"cff-wrapper\"><div class=\"cff-wrapper-ctn \" ><div id=\"cff\"  class=\"cff cff-list-container  cff-default-styles \"    data-char=\"\"  data-nummobile=\"5\" data-pag-num=\"10\" ><div class=\"cff-error-msg\">\r\n\t<div>\r\n\t\t<i class=\"fa fa-lock\" aria-hidden=\"true\" style=\"margin-right: 5px;\"><\/i><b>This message is only visible to admins.<\/b><br\/>\r\n\t\tProblem displaying Facebook posts.\t\t\t\t\t<br\/><a href=\"javascript:void(0);\" id=\"cff-show-error\" onclick=\"cffShowError()\">Click to show error<\/a>\r\n\t\t\t<script type=\"text\/javascript\">function cffShowError() { document.getElementById(\"cff-error-reason\").style.display = \"block\"; document.getElementById(\"cff-show-error\").style.display = \"none\"; }<\/script>\r\n\t\t\t<\/div>\r\n\t\t\t<div id=\"cff-error-reason\">\r\n\t\t\t\t\t\t\t\t\t\t\t\t\t\t\t\t\t\t\t\t\t\t\t\t\t\t\t\t\t<b>Error:<\/b> Server configuration issue\t\t\t\t\t\t\t\t\t\t\t\t\r\n\t\t\t<\/div>\r\n\t\t\t\t\r\n<\/div>\r\n<div class=\"cff-posts-wrap\"><\/div><input class=\"cff-pag-url\" type=\"hidden\" data-cff-shortcode=\"\" data-post-id=\"7\" data-feed-id=\"TheRollingWines\"><\/div><\/div><div class=\"cff-clear\"><\/div><\/div>[\/et_pb_code][\/et_pb_column][\/et_pb_row][\/et_pb_section]<\/p>\n","protected":false},"excerpt":{"rendered":"<p>[et_pb_section fb_built=&#8221;1&#8243; _builder_version=&#8221;4.7.7&#8243; background_color=&#8221;#ece9d8&#8243; custom_padding=&#8221;15px||0px|||&#8221;][et_pb_row _builder_version=&#8221;3.25&#8243; background_size=&#8221;initial&#8221; background_position=&#8221;top_left&#8221; background_repeat=&#8221;repeat&#8221; custom_padding=&#8221;||0px|||&#8221;][et_pb_column type=&#8221;4_4&#8243; _builder_version=&#8221;3.25&#8243; custom_padding=&#8221;|||&#8221; custom_padding__hover=&#8221;|||&#8221;][et_pb_image src=&#8221;https:\/\/therollingwines.com\/wp-content\/uploads\/2021\/01\/Le-Truck-pour-Mails-Big.png&#8221; title_text=&#8221;Le-Truck-pour-Mails-Big&#8221; align=&#8221;center&#8221; _builder_version=&#8221;4.7.7&#8243; _module_preset=&#8221;default&#8221; width=&#8221;21%&#8221; module_alignment=&#8221;center&#8221; custom_margin=&#8221;||9px|||&#8221; custom_padding=&#8221;2px|||||&#8221;][\/et_pb_image][et_pb_text _builder_version=&#8221;4.7.7&#8243; text_font=&#8221;|700||on|||||&#8221; text_text_color=&#8221;#8f004d&#8221; text_letter_spacing=&#8221;2px&#8221; background_size=&#8221;initial&#8221; background_position=&#8221;top_left&#8221; background_repeat=&#8221;repeat&#8221; custom_margin=&#8221;-2px||34px|||&#8221;] Un Wine-Truck \u00e0 Avignon et sa r\u00e9gion [\/et_pb_text][et_pb_text _builder_version=&#8221;4.7.7&#8243; background_size=&#8221;initial&#8221; background_position=&#8221;top_left&#8221; background_repeat=&#8221;repeat&#8221; custom_margin=&#8221;||-3px|||&#8221;] The Rolling Wines\u00ae D\u00e9gustez le vin autrement ! [\/et_pb_text][et_pb_divider divider_position=&#8221;center&#8221; divider_weight=&#8221;3px&#8221; [&hellip;]<\/p>\n","protected":false},"author":1,"featured_media":0,"parent":0,"menu_order":0,"comment_status":"closed","ping_status":"closed","template":"","meta":{"_et_pb_use_builder":"on","_et_pb_old_content":"<h1 style=\"text-align: center;\"><strong>The Rolling Wines\u00ae\nD\u00e9gustez le vin autrement !<\/strong><\/h1>\n<p style=\"text-align: center;\"><strong>The Rolling Wines, c\u2019est une fa\u00e7on d\u2019aborder le vin<\/strong> de mani\u00e8re diff\u00e9rente.\nAvec son wine-truck, Christophe Reboul va au-devant des gens pour proposer un choix de vins au verre qu\u2019il s\u00e9lectionne lui-m\u00eame, directement aupr\u00e8s des vignerons et des caves.<\/p>\n[foogallery id=\"274\"]\n<p style=\"text-align: center;\"><strong>La carte \u00e9volue en fonction des occasions<\/strong> et des saisons. L\u2019am\u00e9nagement du truck, avec r\u00e9frig\u00e9rateurs, cave \u00e0 vins et lave-verre, permet des conditions de d\u00e9gustation optimales. La d\u00e9tention d\u2019une Licence III lui permet d\u2019exercer son activit\u00e9 en conformit\u00e9 avec la r\u00e9glementation sur les vins et boissons alcoolis\u00e9es.<\/p>\n<p style=\"text-align: center;\"><strong>Rendez-vous des Food-trucks,<\/strong> festivals de musique, partenariat avec des restaurants, ap\u00e9ritifs \u0153nologiques ludiques lors de s\u00e9minaires d\u2019entreprises ou d\u2019\u00e9v\u00e9nements familiaux\u2026 The Rolling Wines am\u00e8ne le vin l\u00e0 o\u00f9 vous \u00eates.<\/p>\n<p style=\"text-align: center;\"><strong>\u0152nologue dipl\u00f4m\u00e9,<\/strong> Christophe Reboul propose \u00e9galement des initiations et des perfectionnements \u00e0 la connaissance des vins dans une approche traditionnelle ou ludique mais aussi des soir\u00e9es \u00e0 th\u00e8mes.<\/p>\n[embed]https:\/\/www.youtube.com\/watch?v=zbP6cmkjHME&amp;feature=youtu.be[\/embed]","_et_gb_content_width":""},"_links":{"self":[{"href":"https:\/\/therollingwines.com\/index.php\/wp-json\/wp\/v2\/pages\/7"}],"collection":[{"href":"https:\/\/therollingwines.com\/index.php\/wp-json\/wp\/v2\/pages"}],"about":[{"href":"https:\/\/therollingwines.com\/index.php\/wp-json\/wp\/v2\/types\/page"}],"author":[{"embeddable":true,"href":"https:\/\/therollingwines.com\/index.php\/wp-json\/wp\/v2\/users\/1"}],"replies":[{"embeddable":true,"href":"https:\/\/therollingwines.com\/index.php\/wp-json\/wp\/v2\/comments?post=7"}],"version-history":[{"count":64,"href":"https:\/\/therollingwines.com\/index.php\/wp-json\/wp\/v2\/pages\/7\/revisions"}],"predecessor-version":[{"id":860,"href":"https:\/\/therollingwines.com\/index.php\/wp-json\/wp\/v2\/pages\/7\/revisions\/860"}],"wp:attachment":[{"href":"https:\/\/therollingwines.com\/index.php\/wp-json\/wp\/v2\/media?parent=7"}],"curies":[{"name":"wp","href":"https:\/\/api.w.org\/{rel}","templated":true}]}}